189)) a prime number?
False
Suppose 3*w - 2*z = 16, -5*w - 3*z - 9 + 4 = 0. Suppose -3*j = -15, 5*c + w*j - 25 = j. Suppose -c*t + 149 = -239. Is t prime?
True
Let h(x) = 59*x**2 - 15*x - 69. Is h(-10) a prime number?
True
Let i(r) = -57*r**2 + 60*r - 1. Let a be i(2). Let g = 62 - 100. Let d = g - a. Is d composite?
False
Let d(s) = -s**3 + 9*s**2 + 4*s + 1. Suppose 8*c + o - 25 = 3*c, -o - 35 = -5*c. Suppose 0 = -3*q - 3*g + 21, 4*q = -2*g + c*g + 28. Is d(q) prime?
True
Let a = -10 + 19. Let p be ((-258)/a - -2)*-3. Suppose 5*r - p = -5*x + 4*x, 0 = 5*x - 3*r - 428. Is x a prime number?
False
Suppose 5*k + 134 = -2*w, -13*k = -11*k - 2*w + 62. Let m = -107 + 20. Let v = k - m. Is v composite?
False
Let t be -1 + 114 - (-33)/11. Let a = -57 + t. Is a a composite number?
False
Let m = -6491 - -9198. Suppose m + 4098 = 5*t. Is t prime?
True
Let x = 2143 + 18. Is x a composite number?
False
Suppose 0 = -v + 5*o - 733, -2*v - 987 = -2*o + 463. Let q = v - -1457. Is q a composite number?
True
Let w(v) = 669*v + 391. Is w(24) composite?
False
Let d = 5555 + 32796. Is d composite?
False
Let c be (-50)/4*(-8)/10. Let q be (8/c)/(3/15). Is ((-23)/2)/(q/(-88)) prime?
False
Let s(l) = -3*l - 2*l**2 - 17 - 2*l**2 - 11 + l**2 + l**3. Is s(9) prime?
True
Suppose l - 16 = -5*m + 3*l, -3*l = -m + 11. Suppose -m*w = -274 + 80. Is w composite?
False
Suppose -42*g + 43*g = 4. Suppose -3*i + 3573 = -g*n, -4*i + 0*i + n = -4777. Is i a prime number?
False
Let b = 42 - 78. Let l = b + 52. Is 2/l*-422*-4 composite?
False
Suppose -4*t + 84002 = -w, 3*t - 15695 = -5*w + 47318. Is t a prime number?
True
Suppose -2*g = -5*o - 4617, 2*o = g - 1415 - 896. Is g prime?
False
Let i(h) = -h**3 - 7*h**2 - 6*h - 12. Let z be i(-7). Suppose -33*l = -z*l - 1191. Is l prime?
True
Let h(q) = 311*q**3 - q**2 + q + 1. Let z be h(1). Let c = z - -229. Is c composite?
False
Let p(r) = 1294*r - 12. Is p(1) a composite number?
True
Let t = 4 + -6. Let m(p) be the second derivative of -9*p**5/20 + p**4/6 + p**3/6 + p**2/2 - 64*p. Is m(t) a prime number?
True
Let n = -97 + 227. Let o(f) = -f**3 - 6*f**2 - 9*f. Let s be o(-2). Suppose 2*h + 4*r = -s*h + 528, n = h + 3*r. Is h prime?
False
Let b(t) = 7*t - 7. Let v = 0 + 4. Suppose 36 = -x + v*x. Is b(x) a composite number?
True
Let w(l) be the third derivative of -3*l**6/40 - l**5/30 + l**4/24 + l**3/6 + l**2. Let c = 148 - 151. Is w(c) prime?
True
Let s(o) be the second derivative of -o**5/20 + 2*o**3/3 + 2*o**2 + 3*o. Let m(t) = t**2 - 1. Let a(h) = 2*m(h) + s(h). Is a(-5) a prime number?
True
Let f(s) = 5*s**2 - 2*s + 1. Let l be (-10)/45 - 22/(-18). Let b be f(l). Suppose 0 = -5*k + b*k + 31. Is k prime?
True
Let o(q) = q**3 - 59*q**2 + 46*q - 86. Is o(60) composite?
True
Let q = -941 + 595. Suppose -s = -2*s + 3*l - 152, -3*s - 2*l = 467. Let h = s - q. Is h composite?
False
Let i = -1229 - -2424. Is i composite?
True
Suppose -21*c + 22*c = 2. Is -2*(-4 - 1143/c) a composite number?
False
Let s(v) = -2*v**3 - 41*v**2 - 124*v + 21. Is s(-25) prime?
False
Suppose 4873 = i - 4*u, -4*u + 6*u - 9716 = -2*i. Is i a prime number?
True
Let n(s) = -112*s + 13. Is n(-5) a prime number?
False
Suppose -95*d + 675756 = -41*d. Is d prime?
False
Suppose 15436 = -10*h + 14*h. Is h composite?
True
Suppose 1 = 4*w - 3. Let l be (1 + w)*(-105)/(-30). Suppose 5*d = -l + 602. Is d composite?
True
Is -6*111/18*-2 a prime number?
False
Let g = 782 + -267. Let x be ((-1988)/(-8))/((-2)/(-4)). Suppose -g - x = -4*o. Is o a prime number?
False
Suppose 0 = 3*c + 3*b - 20 + 2, 4*c - 6 = 5*b. Suppose 0 = -2*h - l + 2959, -4*l - 5939 = -c*h + l. Is h a composite number?
False
Suppose -6*s + 39 = 7*s. Suppose 0 = -0*n - n - 5, s*n - 5054 = -o. Is o a composite number?
True
Suppose -5 = -4*o + 7. Suppose o*c - b - 10578 = 0, -4*c - 2*b = -c - 10587. Is c composite?
False
Is (-3 - 57/(-18)) + (-991335)/(-90) a prime number?
False
Let r = -4812 - -8774. Suppose 0 = -9*p + r + 556. Is p prime?
False
Let g(n) = 184*n - 30 - 23 - 99*n. Is g(4) composite?
True
Is 4*(-4)/(-184) - 1990755/(-115) prime?
False
Suppose 0 = -3*c + 176 + 676. Is (c/(-16))/((-4)/48) composite?
True
Let v be 4*(-1)/6*8871. Let w = -3759 - v. Is w composite?
True
Suppose 2*y - 97 = -y - 5*l, 2*y + 3*l = 63. Let z = 33 - y. Is 968/6 + (-3)/z a prime number?
False
Let d(o) = -456*o - 55. Is d(-8) a prime number?
True
Is 18 + -24 + -34*85/(-2) a prime number?
True
Suppose -40*h + 73919 - 3799 = 0. Is h a prime number?
True
Let z(l) = 138*l - 7. Let j(i) = i + 1. Let q be j(7). Suppose -2*o + 34 = -3*r + q*r, 8 = 2*r. Is z(o) a composite number?
True
Suppose -5 = -r - 3*a + 2, -3*a + 27 = -3*r. Let j(p) = -p**2 - 6*p - 3. Let g be j(r). Is (-2 + 9)*74/g a composite number?
True
Let i = -13 + 16. Suppose -318 = -i*l - 2*u, -3*u - u = -5*l + 530. Is l a prime number?
False
Suppose 4*q = 30 - 10. Suppose -2 = -n, -4 = -q*k + n + 4. Suppose -k*o + 207 = 5*b, 4*o - 389 = b - 6*b. Is o a prime number?
False
Let h be -1 - (1 - (5 + 0)). Is 14/h*(2 + (-411)/(-6)) prime?
False
Suppose 4*s - 8*z - 43 = -3*z, -4*s = z - 25. Let d(b) = 10*b - 8*b - 2*b**2 - s*b + 5 + 3*b**3. Is d(4) a prime number?
False
Suppose 8867 = c - 5*r, c - 26565 = -2*c - 3*r. Is c composite?
True
Let k = 1141 - -886. Is k a prime number?
True
Let j(t) = -4*t**3 - t**2 - 3*t - 3. Let v(q) = 5*q**2 - 2*q + 1. Let n be v(1). Suppose u = 5*u - n*b, b + 10 = -4*u. Is j(u) a composite number?
False
Let d(c) = -c**3 + 5*c**2 - 3*c - 2. Let t be d(4). Let r be (t - 0)/2 - -494. Suppose w + 2*b + r = 4*w, 3*b = -5*w + 806. Is w a prime number?
True
Suppose 4*l + 18950 = 4*t - 6778, l - 32172 = -5*t. Is t composite?
True
Let x = 8177 + 1958. Is x a prime number?
False
Suppose 0 = 2*v - v - 4815. Let x be (16/40)/(1/v). Is (x/(-3))/(-3) - 3 a prime number?
True
Let i = -58668 - -84841. Is i a composite number?
True
Suppose 0 = 5*g - 3*m - 17206 - 9268, 3*g - 15867 = -4*m. Is g composite?
True
Suppose -62*f - 15503 = -99*f. Is f prime?
True
Suppose 0 = k - 21 - 3. Let c be ((-64)/k)/((-2)/3). Suppose -u - 447 = -c*u. Is u composite?
False
Let i = -443 + 906. Let h = -314 + i. Is h a composite number?
False
Let a be (-6 - -3)/(3/6*-1). Is (-7)/(-21) + 76/a a prime number?
True
Let w(i) = i + 3. Let s be w(-2). Is s - 584/3*(-3)/2 a prime number?
True
Let i be -3 + 0 + (-7 - -21). Suppose -2*j + i*j = 5661. Is j a prime number?
False
Suppose 155*r = 129*r + 57278. Is r a prime number?
True
Let o be (-1)/(20/(-64))*5. Suppose -5*i + o = -769. Is i composite?
False
Let a(d) = d**2 + 6*d - 3. Let f be a(-7). Suppose f*q - 6*q = 0. Suppose -h + 3*y + 355 = h, q = h + 5*y - 210. Is h a composite number?
True
Let i(y) = 675*y + 1141. Is i(8) a prime number?
False
Let n(l) = -489*l + 14. Is n(-3) a prime number?
True
Let h(a) = -871*a - 33. Is h(-2) a composite number?
False
Let o(w) = -46*w**3 - 9*w**2 - 15*w - 101. Is o(-9) composite?
False
Suppose 0 = 103*f - 104*f + 2*s + 19001, 2*f + 4*s = 38002. Is f a composite number?
False
Let h(b) = b**3 - 18*b**2 - 30*b - 5. Is h(22) a prime number?
False
Suppose 0 = -c - 3*i - 10, -3*i = 3*c - 7*c - 10. Let g(d) = -68*d - 5. Is g(c) a prime number?
False
Suppose 2*b = 9*b - 65737. Is b a composite number?
False
Let b(l) = -3895*l**3 + 2*l**2 - 5. Let x(r) = 1947*r**3 - r**2 + 3. Let p(q) = -3*b(q) - 5*x(q). Is p(1) a prime number?
True
Let j be (20/(-15))/(2/(-12)). Let p be j*(1 - (-6)/(-8)). Suppose -3*i = p*s - 42, -i - 2 = 5*s - 107. Is s a prime number?
False
Let k = -5930 - -23713. Is k a prime number?
True
Let q(z) = -140*z - 33. Let h be q(-6). Suppose -m = 267 + 201. Let a = h + m. Is a composite?
True
Suppose -5*d - 2217 = -4*p, -4*p + 5*d + 2208 = 9*d. Is p a composite number?
True
Suppose 3*u = 2*r - 6, 2*u + 10 = 2*r + 4. Suppose n + u*b + b = -314, 4*n + 1256 = b. Is (6/(-12))/(1/n) a prime number?
True
Suppose -10 + 2 = -2*w. Suppose 60 = x - w*x. Is (x/12 + 2)*507 composite?
True
Let c = 1 + 3. Is (2/c)/(1 - (-8163)/(-8166)) a prime number?
True
Is (-40622)/(-76)*(-1 - (-9)/3) a composite number?
False
Suppose 7*c - 2084 = 3509. Is c composite?
True
Suppose 72*s + 24899 = 79*s. Is s composite?
False
Let a(s) = -6*s - 89 + 7*s + 256 + 374. Is a(0) a prime number?
True
Suppose 57017 = s - 3*w, 